divided by h?
8
Let p be 4/(-10) + 108/20. Let b be (2*-2)/(-4) + 24. Suppose b = 3*r - r - u, 40 = r + p*u. What is the remainder when 58 is divided by r?
13
Let p be -1 + 3 + (-6 - -4). Suppose 2*v - 4*v + 16 = p. Calculate the remainder when 14 is divided by v.
6
Let m = 51 - 12. Suppose -65*r - 96 = -77*r. What is the remainder when m is divided by r?
7
Calculate the remainder when (-18732)/(-66) + 1 - 6/(-33) is divided by 36.
33
Suppose 2*w = 7 - 15. Let d be w/(-6)*6/2. Suppose 4*g - 72 = -4*k, g + d*k - 14 = 4. Calculate the remainder when 53 is divided by g.
17
Suppose 5*a + 34 = -g, 6*g = 4*a + 2*g + 32. Let n = a + 1. Let k = 18 + n. Calculate the remainder when 22 is divided by k.
10
Let y(m) = -m + 8. Suppose 10*z = 7*z - 9. What is the remainder when (40/(-3))/(z/9) is divided by y(-6)?
12
Let n(m) = 16*m**2 - 2*m + 2. What is the remainder when 25 is divided by n(1)?
9
Suppose 12*g - 248 = 8*g. What is the remainder when g is divided by 22?
18
Suppose -3*r = -6*r + 150. Calculate the remainder when r is divided by 13.
11
Suppose -5*w + 49 = 4*h, -16 = -h + 2*w - 7. What is the remainder when 65 is divided by h?
10
Let s = 25 - -6. Calculate the remainder when 154 is divided by s.
30
Suppose -25 = -2*k - 3*k. Calculate the remainder when 9 is divided by k.
4
Let z(b) = b**2 + b - 2. Suppose 5 = 5*k + 15. Let t be z(k). What is the remainder when (1 - 35)*(-1 - t) is divided by 18?
16
Suppose 5*w = 18 - 3. Suppose -w*v + k + 34 = 2*k, k = v - 6. Calculate the remainder when ((-3)/(-2))/(12/152) is divided by v.
9
Suppose -4*x + 70 = 2*g, 3*x = x + 4*g + 20. Let f(o) = -o**3 + 5*o**2 + 5*o + 5. Let v be f(6). What is the remainder when x is divided by 8 + v/(-1)*-2?
4
Let a = -116 - -222. Let b = -57 + 84. Calculate the remainder when a is divided by b.
25
Let j(p) = 29*p - 26. Calculate the remainder when j(3) is divided by 16.
13
Let a be 3/(9/(-3))*4. What is the remainder when 13 is divided by (-2)/a - 9/(-2)?
3
Let x = -10 + 19. Let h(j) = j**2 + 8*j + 3. Let l be h(-5). Let s(v) = v**2 + 11*v + 14. Calculate the remainder when s(l) is divided by x.
8
Let o = 38 + -27. Suppose 0 = 3*m + o - 140. Suppose -4*r + 3*v = -41, -2*r + m = v + 2*v. What is the remainder when r is divided by 5?
4
Suppose -q + 27 = -0*q + 3*m, -5*q + 154 = -4*m. Let i(c) = c**2 - 10*c - 2. Let p be i(5). What is the remainder when q is divided by -6*-6*(-12)/p?
14
Let a = 191 - 129. Calculate the remainder when (-4)/6 + a/3 is divided by 11.
9
Suppose -q + 8 = -3*m + 7*m, 3*m - 6 = -q. What is the remainder when 2*m*(-415)/(-20) is divided by 21?
20
Let m be 10*(1 - 3/6). Let j = m - 22. Let c = 4 - j. Calculate the remainder when 39 is divided by c.
18
Suppose -14 = 3*y + 5*k, -k - 1 = -y - 3. Suppose g - 4*m = 18, -19 - 87 = -3*g - m. Calculate the remainder when 49 is divided by g/(y/(9/(-6))).
15
Suppose 2*m - 25 = 7. Let w = 0 + 1. Calculate the remainder when m is divided by (18/((-4)/(-2)))/w.
7
Let s = -15 + 11. Suppose t + t = -2*u + 16, 2*u - 2*t - 28 = 0. Calculate the remainder when (7/s)/(1/(-12)) is divided by u.
10
Suppose 3*d = -3, k - 3*d - 26 = -0*k. Suppose 0 = -5*b + 47 + k. Let q = -7 - -12. What is the remainder when b is divided by q?
4
Suppose w + 77 + 72 = 4*s, 0 = -s - w + 41. Suppose -20 = p - 2*p. Calculate the remainder when s is divided by p.
18
Let l = -96 - -113. What is the remainder when l is divided by 4?
1
Suppose 3*s + 28 = 199. Calculate the remainder when s is divided by 15.
12
Suppose -2*d + 116 = -4*j, 2*d = -0*d - j + 106. What is the remainder when d is divided by ((-90)/(-25) - -2)/((-2)/(-5))?
12
Let s = -9 + 22. Suppose -3*u = -2*u. Suppose u = 3*t + 2*t - 35. What is the remainder when s is divided by t?
6
Suppose x - 92 = -3*x - 3*z, -92 = -4*x + z. Suppose -3*o = -30 - 6. What is the remainder when x is divided by o?
11
Let c = -7 - -7. What is the remainder when (c - -1 - -79) + 1 is divided by 21?
18
Let k be -2*-3*1/(-6). What is the remainder when 378/15 - 1/5 is divided by 1*k - (-4 - 6)?
7
Let y = 43 - 35. What is the remainder when 80/6 - 2/6 is divided by y?
5
Suppose -3*f = -f. Suppose 0 = -5*q + 4*o + 288, q + 4*o - 29 - 43 = f. What is the remainder when q is divided by 31?
29
Let y(x) = 2*x**3 - x**3 + 9*x - 4*x + 6*x**2. Let t be y(-4). Suppose -3*n + t = -n. Calculate the remainder when 10 is divided by n.
4
Suppose -2*v - 2 + 10 = 0. Suppose -v*r + 170 = r. What is the remainder when r is divided by 18?
16
Let r be (-16)/10*(-3 - 2). Let t = 11 - r. What is the remainder when 5 is divided by t?
2
What is the remainder when 1 - (-11)/(-2)*-2 is divided by 5?
2
Suppose 5*j = 2*a + 107, 2*a = -j - 3 + 22. Calculate the remainder when 61 is divided by j.
19
Suppose 5*f + 3*d = 97, -2*d = -f + d + 23. Suppose -9 = -3*r, -4*y = 4*r + 4 - f. Suppose -5*k + y = -34. What is the remainder when 11 is divided by k?
4
Let v(n) = n**2 - 12*n + 1. Suppose -5*m + 52 = -m. What is the remainder when v(m) is divided by 4?
2
Calculate the remainder when 56 is divided by 552/18 + 2/(-3).
26
Let n(v) be the third derivative of -2/15*v**5 + 1/120*v**6 + 0 + 1/2*v**3 + 1/3*v**4 + 4*v**2 + 0*v. What is the remainder when 17 is divided by n(7)?
7
Let b = -12 + 54. Calculate the remainder when 164 is divided by b.
38
Let u = -31 - -48. Suppose 2*g = 11 + u. What is the remainder when g is divided by 5?
4
Calculate the remainder when ((-35)/21)/((-61)/30 - -2) is divided by 27.
23
Suppose 4*i - 102 = -34. What is the remainder when i is divided by 11 + 0 - (2 - 1)?
7
Suppose -2*l + 0*l = -6. Suppose -12 = -2*s + l*n, n + 6 = -2*n. Calculate the remainder when 5 is divided by s.
2
Suppose 3*g + 14 = 5*g. Let p(o) = o**3 - 6*o**2 - 8*o + 9. Let m(z) = -3*z**3 - 2*z**2 - z. What is the remainder when m(-1) is divided by p(g)?
0
Let x(n) = n + 7. Let r be x(-9). Calculate the remainder when 38 is divided by r/(-4)*(-40)/(-2).
8
Let z(c) = 2*c**2 + 4*c + 4. Suppose k = -2*x + 15 - 5, -4*x = 4*k - 28. Calculate the remainder when z(-3) is divided by k.
2
Suppose -y + s = -2*s - 117, -3*y + 4*s + 331 = 0. What is the remainder when y is divided by 27?
24
Let a = 5 - 3. Suppose 0 = u - 2. Suppose u*s - 34 + a = 0. Calculate the remainder when s is divided by 6.
4
Calculate the remainder when 1/((-864)/174 + 5) is divided by (4/6)/((-2)/(-30)).
9
Let u be 3/((-6)/(-4)) - 1. Let a(w) = 5*w - 1. Calculate the remainder when 9 is divided by a(u).
1
Suppose 2*p = 5*r, -p - 2*r = 2*p. Let g be 0*3/(-6) + p. Suppose g*x = -2*x + 26. Calculate the remainder when 37 is divided by x.
11
Let j = -21 - -29. Suppose m + 2*k - 24 = 0, 3*m - 71 + j = 3*k. What is the remainder when m is divided by 4?
2
Suppose -9 = p - 11. Suppose 0 = 3*c + p*l - 103, -2*c - 2*l = -l - 67. What is the remainder when c is divided by 11?
9
Calculate the remainder when ((-26)/(-3))/(-1 + (-69)/(-63)) is divided by 24.
19
Let l(o) = o**2 - 2*o + 1. Suppose j + 8 = 2. Calculate the remainder when l(j) is divided by 13.
10
Let u = 1 - -1. Let k(o) = o**2 - 3*o - 4. Let q be k(5). Suppose 0 = n - u - q. What is the remainder when n is divided by 5?
3
Let t = -5 - -7. Suppose m - l + 40 = t*m, 4*l + 98 = 2*m. Calculate the remainder when m is divided by 15.
13
Let n(h) = -8*h - 3. Let l be n(-2). Calculate the remainder when 340/8 - 9/6 is divided by (l - -1)/((-4)/(-6)).
20
Let o be (-13)/3 - (-3)/9. Let a = o - -6. Suppose 16 = -0*s + a*s. Calculate the remainder when s is divided by 3.
2
Let k(m) = -6*m - 3. What is the remainder when k(-4) is divided by 11?
10
Suppose -y = 3*u - 4, y + 1 = 5. Suppose 0 = -n - 5*q + 15, 4*n - 12 = -4*q - u*q. Suppose n = -6*x + 2*x + 40. What is the remainder when 18 is divided by x?
8
What is the remainder when 55 is divided by (-2)/((-54)/(-28) + -2)?
27
Suppose 2*t = 3*q - 3, 3*q - t - 2 = q. Let w = q + 3. Suppose b - 2*n - 27 = 0, 0*b + 84 = w*b + 4*n. Calculate the remainder when b is divided by 8.
7
Let h be 2/(-5) - 123/5. Let n = h - -46. Suppose 0 = 3*b - 9*b + 66. What is the remainder when n is divided by b?
10
Let o(p) = 2*p**2 - 4*p - 4. Let a(y) = -y**2 + y - 3. Let t be a(-3). Let g = t - -49. What is the remainder when g is divided by o(4)?
10
Suppose 9 = -8*u + 5*u. Calculate the remainder when 46 is div